a a composite number?
True
Let s be 3/(5/(30/9)). Suppose -51 = g + s*g. Let n = 72 + g. Is n a prime number?
False
Is (318/(-9))/((-2)/39) a composite number?
True
Is (-1586)/(-6) + 2/3 a composite number?
True
Suppose 1856 = 5*x + 6. Let r = -610 - -353. Let w = r + x. Is w composite?
False
Suppose 2*q + 21 = u, -3*u + 68 = -q - 4*q. Is u a prime number?
True
Let x(n) = 0*n**3 - n**3 + 3 + 2*n**3 + n**2 - 4*n. Suppose h + 12 = 4*w, -20 = -w + 3*h - 6. Is x(w) composite?
False
Let z(a) = -9*a + 1. Let q be z(-1). Let l be 5/((-45)/6)*-6. Suppose 4*n + 336 = l*u, -15 = -5*n + q. Is u composite?
False
Let s be 50/4*6/3. Let p be ((-27)/6)/((-1)/2). Let q = s + p. Is q prime?
False
Let y(n) = 3*n. Let c be y(-4). Is 2/6 - 272/c a prime number?
True
Let k = 14 - 15. Is 134*(-1)/2*k a composite number?
False
Suppose 3*m = -k - 1 + 6, 3*m + 1 = 2*k. Suppose 5*q + 5*d = d + 757, 0 = -k*q - 3*d + 307. Is q a composite number?
False
Let g(p) = p**3 - p + 3. Let l be ((-2)/4)/(3/(-18)). Suppose v - l = -3*n - 1, 2*n = -4*v + 8. Is g(n) a prime number?
True
Let x(c) = 47*c - 13. Is x(6) composite?
False
Let y(f) = -f**3 + 3*f**2 - 3*f + 3. Let z be y(2). Let t be 0 - (2 + z/1). Is 90 - (4 - (6 + t)) a composite number?
False
Is (-23)/(5/(-115) - 0) a composite number?
True
Suppose -66 - 24 = -3*d. Suppose 3*h - 22 = 5*h. Let t = h + d. Is t a prime number?
True
Let v = 4264 - 2621. Is v a prime number?
False
Let o = -531 + 1286. Is o prime?
False
Is 9/(-6) + (-1810)/(-4) a composite number?
True
Let f be (6/(-10))/(4/(-20)). Suppose 7*v = t + 2*v - 9, -5*t = f*v - 73. Is t a composite number?
True
Let z = -903 - -1544. Is z a prime number?
True
Let t(s) = s**2 - 9*s + 8. Let q be t(5). Is q/(-7)*(-42)/(-12) a composite number?
True
Is (2/6)/((-618)/207 + 3) a composite number?
False
Suppose 2*d - 316 = a, -7*d + 2*d = -a - 790. Is d composite?
True
Suppose 2*h - 10 = 4*h + 5*r, h + 15 = -5*r. Suppose 4*z + 113 = h*z. Is z a composite number?
False
Suppose -5*o + 704 = -3*o - 3*q, -2*o - 3*q = -680. Suppose 4*v = 146 + o. Is v a composite number?
True
Is ((-12)/(-21) - (-3215)/(-28))*-12 a composite number?
True
Suppose 3480 = -3*n + 5*n. Suppose 0 = -4*r + n - 620. Suppose 0 = 2*g - 4*j - j - 195, -3*g + r = -5*j. Is g prime?
False
Suppose 5*w + a - 25 = 0, 0*w - 4 = w + 2*a. Let f(z) = 0 - 5 + 0*z - 5*z - 7*z**2 + 2*z**3. Is f(w) a prime number?
False
Let o = -9 - -6. Is 198/12*(-14)/o a prime number?
False
Let d = -46 - 30. Let y = -224 - -337. Let x = y + d. Is x prime?
True
Suppose 3*t + 5*t = 10072. Is t a prime number?
True
Let c be (-7 + 0)*32/112. Is (81/(-2) - 4)*c a composite number?
False
Is (9530/14)/1 + 8/28 composite?
True
Let j = 3279 + -1576. Is j a prime number?
False
Suppose 0 = -5*h + 3*s - 3 - 90, -2*s = 2*h + 34. Is h/30 - 1456/(-10) prime?
False
Suppose 0*r = r - 20. Let k = 182 + r. Is k a composite number?
True
Let r(c) = c + 6. Let h be r(-8). Let n be ((-3)/h)/(3/(-6)). Is (-5 - -2)/(n/2) a composite number?
False
Suppose 5*k = -10, -3*g + 3*k = -6*g + 3021. Is g a prime number?
True
Let i(l) = 2*l**2 + 2*l - 9. Is i(-11) a prime number?
True
Let b(t) = -3*t**3 + 7*t**2 + 2*t + 8. Let d be b(6). Is ((-6)/(-4))/((-6)/d) a prime number?
False
Suppose 3*b - 732 = 261. Is b composite?
False
Suppose 2*i = g + 8, -g - i + 0 = -7. Suppose 0 = -g*o + 502 + 24. Is o a composite number?
False
Suppose 5*y = 3*c - 4411, 3*y - 12 = -0. Is c prime?
False
Let h(z) = 2*z**2 + z + 1. Let s(o) = o - 1. Let u(v) = v**3 - 4*v**2 - 5*v - 5. Let g be u(5). Let c be s(g). Is h(c) a composite number?
False
Let x be 498/9 + (-2)/6. Suppose -f = 4*h - 9*h - 31, -x = -5*f + 5*h. Is ((-3)/f)/((-3)/114) a composite number?
False
Is (1220 - -1)*1/3 a prime number?
False
Let y be ((-32)/12)/(6/(-9)). Suppose -262 - 270 = -y*u. Is u composite?
True
Suppose 2*g + 50 = 2*u + 6, -g + 128 = 5*u. Suppose 0 = t - 13 - u. Is t composite?
True
Let r(s) = s**2 - s - 1. Is r(5) a prime number?
True
Suppose -3*f + 1150 = -f. Let j be (-4)/(-10) - (-13)/5. Suppose -2*p + f = j*p. Is p a composite number?
True
Let x(i) = 31*i - 17. Is x(10) composite?
False
Let q be 0 + 4 + 0 + 1. Suppose -44 = -f + q*s, 0 = -5*f + 5*s - 4*s + 292. Is f a composite number?
False
Suppose -872 = o + 7. Let z = o + 1380. Suppose 0*s + z = 3*s. Is s composite?
False
Let r = -5466 - -7799. Is r prime?
True
Suppose -m = 6*m - 5677. Is m composite?
False
Suppose 2*t = 4*t + 24. Let l = 18 + t. Is l prime?
False
Suppose 0 = 3*m - 3*c - 300, 3*m - 2*c - 194 = 104. Let n = m + -33. Is n prime?
False
Let s = 32 + -9. Is s a prime number?
True
Let p(f) = 2*f**3 + 22*f**2 - 13*f + 16. Is p(-11) prime?
False
Let t be 4 + 0*4/(-8). Suppose 0 = -p - t*p + 485. Is p composite?
False
Suppose 1 + 23 = 3*b + 3*h, 0 = -3*b + 2*h - 1. Suppose 494 = 4*f + b*c - 435, 0 = 4*f - 4*c - 936. Is f a composite number?
False
Let z(o) = -3*o**3 + 5*o**2 + 2*o + 2. Let b be z(-4). Suppose 4*k + 179 = 3*n, 4*n = 5*k + b - 29. Is n composite?
False
Is (-1)/(-3) - (-700)/15 composite?
False
Is 1383 - ((-6)/(-4))/((-18)/24) prime?
False
Let y(w) be the third derivative of 11*w**4/8 + 5*w**2. Let o(x) = x + 2. Let s be o(-1). Is y(s) a prime number?
False
Suppose 2*v = 5*d - 20, 2*v = -2*d - v + 8. Let b be 2931/15 - (-4)/(-10). Suppose -d*g + b = -g. Is g prime?
False
Let h(p) = 6*p**2 + p + 3. Let c be h(5). Suppose 5*d - 3*d - c = 0. Is d prime?
True
Let w(t) be the second derivative of t**3/6 + 7*t**2 - t. Let j be w(-7). Suppose -2*u + 235 = 5*f, -5*u + 17 = f - j. Is f prime?
False
Let f(v) = 450*v - 69. Is f(5) a composite number?
True
Let l be (-3)/12 + (-3)/(-12). Suppose 2*x = 4*b + 64, l*x = -3*x - 4*b + 56. Suppose -5*d - 6 = u, -2*u - x = -3*u + d. Is u composite?
False
Let k be 3*2/18*-69. Let g = -13 - k. Is g a composite number?
True
Suppose -k = -3*z + 22, -z + 38 = 4*z - 3*k. Suppose -35 = -3*j + z. Is 1838/j - (-4)/(-14) a composite number?
False
Suppose -2*a = -2*i - a + 31, 0 = 5*i + 5*a - 85. Suppose -6*o - 4*l = -2*o - i, 4*o + 5*l = 15. Suppose -u = -42 + o. Is u a composite number?
False
Let x(y) = -2*y**3 - 14*y**2 - y - 13. Let v be x(-11). Let n = v + -455. Is n a composite number?
True
Suppose -5*g = 3*c - 0*g - 43, 5*c = 4*g + 10. Let w be (5 - 6)/((-2)/c). Let v(l) = 15*l + 2. Is v(w) composite?
False
Suppose -5*a + 264 = -251. Suppose a = -2*j + 959. Suppose 0 = 5*g - j + 33. Is g composite?
False
Suppose -2*d + 40 = l - 2*l, 5*d = -3*l + 89. Is d composite?
False
Suppose 0 = -4*j + j + 162. Suppose -5*f + h + 135 = -0*h, 0 = -2*f + 3*h + j. Is (-4)/18 + 519/f prime?
True
Let o(b) = -b**2 - b**3 + 2*b**3 + 0*b**3 + 3 - 2*b - 2*b**3. Is o(-4) a prime number?
True
Is (-30)/(-180) + 1397/6 a prime number?
True
Let z(s) = 7*s**3 + 5*s**2 + 4. Let j(c) = 15*c**3 + 10*c**2 - c + 8. Let d(r) = -4*j(r) + 9*z(r). Let o be d(5). Suppose 0 = 5*h - o + 9. Is h a prime number?
True
Let c = -237 - -448. Is c a composite number?
False
Suppose 0 = -2*o + 6 + 6. Is 108 + o/2 + 0 prime?
False
Let f(a) = 14*a + 11. Let t be f(13). Is (t - 2)/(3/3) prime?
True
Suppose -3 = -10*a + 9*a. Let p(i) = 33*i**3 - 2*i + 2. Is p(a) a composite number?
False
Let q(u) = 2*u**3 + 2*u**2 + 3*u - 5. Is q(4) composite?
False
Suppose 11 = -4*t + 31, 65 = -5*m + 2*t. Let n be 3/(6/4) - m. Suppose 0*c = 4*c + 5*u - 31, 2*c = -3*u + n. Is c composite?
True
Suppose 0 = 2*i - 5*k - 14, -3*i - 4*k = -1 + 3. Suppose v - 174 = -f, -i*f - 164 + 530 = -4*v. Is f a composite number?
True
Let s(k) = -k**2 + 3*k - 2. Let h be s(3). Let t be (-145)/h*(-12)/5. Let z = -47 - t. Is z a prime number?
True
Suppose y - 4*m - 6 = 0, -5*m + 6 = y - 0*y. Let b(i) = 10*i - 5. Is b(y) composite?
True
Suppose 0 = -g + 6*g - 15. Is g prime?
True
Let v(x) = 23*x - 23. Is v(18) a composite number?
True
Suppose 0 = -8*t + 4*t + 12. Suppose -m - m = 4*b + 136, t*m - 4*b + 154 = 0. Is 1 - -1 - m/2 prime?
True
Let z(g) = -g**2 + g + 316. Let c be z(0). Let y = c + -153. Is y a prime number?
True
Let h(t) = 36*t - 5. Is h(2) a composite number?
False
Let c(j) be the third derivative of j**5/30 + 3*j**4/8 + j**3/2 - 2*j**2. Is c(-8) prime?
True
Suppose v = -4*r + 3*r - 4, v + 3*r = -8. Is ((-3)/(-3))/(v/(-114)) a composite number?
True
Is (28/(-6) + 5)*1119 a